{"id":487,"date":"2020-09-07T09:01:54","date_gmt":"2020-09-07T09:01:54","guid":{"rendered":"http:\/\/wpdemo.archiwp.com\/maxbizz\/?page_id=487"},"modified":"2024-06-03T18:33:59","modified_gmt":"2024-06-03T18:33:59","slug":"o-spolecnosti","status":"publish","type":"page","link":"https:\/\/stavimeplzensko.cz\/?page_id=487","title":{"rendered":"O spole\u010dnosti"},"content":{"rendered":"<p>O spole\u010dnosti Stav\u00edme Plze\u0148sko\t        <\/p>\n<h3>Stav\u00edme Plze\u0148sko &#8211; modern\u00ed bydlen\u00ed, kter\u00e9 \u017eije s V\u00e1mi.<\/h3>\n<p>Jsme spole\u010denstv\u00ed investor\u016f, kte\u0159\u00ed tvo\u0159\u00ed nov\u00e9 bydlen\u00ed pro lidi v p\u0159edev\u0161\u00edm lokalit\u011b Plze\u0148sk\u00fd kraj. M\u00e1me v\u00edce ne\u017e 5 let zku\u0161enost\u00ed s modernizac\u00ed a rekonstrukc\u00ed, n\u00e1stavbami na na bytov\u00fdch domech i realizac\u00ed samostatn\u00fdch rodinn\u00fdch dom\u016f. Na\u0161e stavby p\u0159ipravujeme s zku\u0161enou projek\u010dn\u00ed kancel\u00e1\u0159\u00ed v modern\u00edm stylu a spolupracujeme s ov\u011b\u0159en\u00fdmi subdodavateli. D\u00edky tomu, m\u016f\u017eeme na\u0161im klient\u016fm nab\u00eddnout variabilitu a slu\u017eby nav\u00edc (nap\u0159. n\u00e1bytek nam\u00edru a dal\u0161\u00ed za\u0159\u00edzen\u00ed nemovitosti za v\u00fdhodn\u00e9 ceny)<\/p>\n<p>Aktu\u00e1ln\u011b m\u00e1 spole\u010dnost Stav\u00edme Plze\u0148sko\u00a0v p\u0159\u00edprav\u011b 3 projekty s celkem 17 nemovitostmi v r\u016fzn\u00fdch f\u00e1z\u00edch p\u0159\u00edpravy. Ve v\u00fdstavb\u011b m\u00e1me projekt <a href=\"http:\/\/stavimeplzensko.cz\/domy-skomelno\/\">rodinn\u00e9 domy Skomelno.<\/a><\/p>\n<p>\t\t\t<a href=\"http:\/\/stavimeplzensko.cz\/kontakt\/\">Kontakt<\/a><\/p>\n<p>O spole\u010dnosti Stav\u00edme Plze\u0148sko<\/p>\n<h3>S ka\u017ed\u00fdm projektem Stav\u00edme Plze\u0148sko, jdeme do detail\u016f a sna\u017e\u00edme se vytvo\u0159it prost\u0159ed\u00ed, ve kter\u00e9m se lid\u00e9 budou c\u00edtit jako doma.<\/h3>\n<p>Na\u0161e spole\u010denstv\u00ed investor\u016f se v\u011bnuje v\u00fdstavb\u011b kvalitn\u00edho a modern\u00edho bydlen\u00ed s d\u016frazem na estetiku, funk\u010dnost a komfort pro na\u0161e budouc\u00ed obyvatele. Jsme hrd\u00ed na na\u0161e dosavadn\u00ed \u00fasp\u011bchy a mnoho spokojen\u00fdch klient\u016f, kte\u0159\u00ed si u n\u00e1s na\u0161li sv\u016fj vysn\u011bn\u00fd domov.<\/p>\n<p>Spolupr\u00e1ce s na\u0161\u00ed projek\u010dn\u00ed kancel\u00e1\u0159\u00ed n\u00e1m umo\u017e\u0148uje vytv\u00e1\u0159et inovativn\u00ed a efektivn\u00ed \u0159e\u0161en\u00ed, kter\u00e1 odpov\u00eddaj\u00ed nejnov\u011bj\u0161\u00edm trend\u016fm v oblasti stavebnictv\u00ed. Na\u0161i subdodavatel\u00e9 jsou pe\u010dliv\u011b vyb\u00edr\u00e1ni a spolehliv\u00ed, abychom mohli zaru\u010dit vysokou kvalitu v\u0161ech prac\u00ed.<\/p>\n<p>D\u00e1le nab\u00edz\u00edme na\u0161im klient\u016fm mo\u017enost <a href=\"http:\/\/stavimeplzensko.cz\/#spolupracujeme\">dopl\u0148kov\u00fdch slu\u017eeb<\/a>, jako je za\u0159izov\u00e1n\u00ed n\u00e1bytku a dal\u0161\u00edho vybaven\u00ed nemovitosti za v\u00fdhodn\u00e9 ceny. Chceme, aby na\u0161i klienti m\u011bli v\u0161e, co pot\u0159ebuj\u00ed, aby se mohli co nejd\u0159\u00edve usadit ve sv\u00e9m nov\u00e9m domov\u011b.<\/p>\n<p>Pokud m\u00e1te z\u00e1jem o na\u0161e projekty nebo m\u00e1te jak\u00e9koliv dotazy, nev\u00e1hejte n\u00e1s kontaktovat. Jsme tu pro v\u00e1s a r\u00e1di v\u00e1m poskytneme ve\u0161ker\u00e9 informace, kter\u00e9 pot\u0159ebujete. T\u011b\u0161\u00edme se na spole\u010dnou spolupr\u00e1ci a na to, \u017ee v\u00e1m budeme moci pomoci naj\u00edt v\u00e1\u0161 ide\u00e1ln\u00ed domov.<\/p>\n<h6>Developersk\u00fdch <br \/>Projekt\u016f<\/h6>\n<p>        \t\t+        \t<\/p>\n<h6>Spokojen\u00fdch<br \/>Klient\u016f<\/h6>\n<p>        \t\t+        \t<\/p>\n<h6>Let<br \/>Zku\u0161enost\u00ed<\/h6>\n<h3>Jsme tu pro V\u00e1s ji\u017e v\u00edce ne\u017e 10 let.<\/h3>\n<p>\t\t\t<a href=\"http:\/\/stavimeplzensko.cz\/rd-dnesice\/\" target=\"_blank\" rel=\"noopener\"><img width=\"2560\" height=\"1441\" src=\"http:\/\/stavimeplzensko.cz\/wp-content\/uploads\/2023\/03\/pohled-z-cesty-scaled.jpg\" alt=\"\" decoding=\"async\" loading=\"lazy\" srcset=\"http:\/\/stavimeplzensko.cz\/wp-content\/uploads\/2023\/03\/pohled-z-cesty-scaled.jpg 2560w, http:\/\/stavimeplzensko.cz\/wp-content\/uploads\/2023\/03\/pohled-z-cesty-300x169.jpg 300w, http:\/\/stavimeplzensko.cz\/wp-content\/uploads\/2023\/03\/pohled-z-cesty-1024x576.jpg 1024w, http:\/\/stavimeplzensko.cz\/wp-content\/uploads\/2023\/03\/pohled-z-cesty-768x432.jpg 768w, http:\/\/stavimeplzensko.cz\/wp-content\/uploads\/2023\/03\/pohled-z-cesty-1536x865.jpg 1536w, http:\/\/stavimeplzensko.cz\/wp-content\/uploads\/2023\/03\/pohled-z-cesty-2048x1153.jpg 2048w\" sizes=\"auto, (max-width: 2560px) 100vw, 2560px\" \/><\/a>\t\t\t<\/p>\n<h5><a href=\"http:\/\/stavimeplzensko.cz\/rd-dnesice\/\" target=\"_blank\" rel=\"noopener\">Rodinn\u00e9 domy Dne\u0161ice<\/a><\/h5>\n<p>\t\t\t<a href=\"http:\/\/stavimeplzensko.cz\/rd-dnesice\/\" target=\"_blank\" rel=\"noopener\">V\u00edce o projektu:<\/a><br \/>\n\t\t\t<a href=\"http:\/\/stavimeplzensko.cz\/rd-dnesice\/\" target=\"_blank\" rel=\"noopener\"><img width=\"1070\" height=\"598\" src=\"http:\/\/stavimeplzensko.cz\/wp-content\/uploads\/2023\/03\/Snimek-obrazovky-2023-03-24-v-13.11.50.png\" alt=\"\" decoding=\"async\" loading=\"lazy\" srcset=\"http:\/\/stavimeplzensko.cz\/wp-content\/uploads\/2023\/03\/Snimek-obrazovky-2023-03-24-v-13.11.50.png 1070w, http:\/\/stavimeplzensko.cz\/wp-content\/uploads\/2023\/03\/Snimek-obrazovky-2023-03-24-v-13.11.50-300x168.png 300w, http:\/\/stavimeplzensko.cz\/wp-content\/uploads\/2023\/03\/Snimek-obrazovky-2023-03-24-v-13.11.50-1024x572.png 1024w, http:\/\/stavimeplzensko.cz\/wp-content\/uploads\/2023\/03\/Snimek-obrazovky-2023-03-24-v-13.11.50-768x429.png 768w\" sizes=\"auto, (max-width: 1070px) 100vw, 1070px\" \/><\/a>\t\t\t<\/p>\n<h5><a href=\"http:\/\/stavimeplzensko.cz\/rd-dnesice\/\" target=\"_blank\" rel=\"noopener\">Bytov\u00fd d\u016fm Klatovsk\u00e1 268<\/a><\/h5>\n<p>\t\t\t<a href=\"http:\/\/stavimeplzensko.cz\/rd-dnesice\/\" target=\"_blank\" rel=\"noopener\">V\u00edce o projektu:<\/a><br \/>\n\t        Reference\t        <\/p>\n<h3>Co o n\u00e1s \u0159ekli<\/h3>\n<p>\t\t\t\t\tP\u0158IPRAVUJEME&#8230;<br \/>\n\t\t\t\t\t\t\t\t\t\t\t\t\t<img decoding=\"async\" src=\"http:\/\/stavimeplzensko.cz\/wp-content\/uploads\/2020\/09\/testi2.png\" alt=\"Marie \u010cernochov\u00e1\"><\/p>\n<h6>Marie \u010cernochov\u00e1<\/h6>\n<p>\t\t\t\t\tP\u0158IPRAVUJEME&#8230;<br \/>\n\t\t\t\t\t\t\t\t\t\t\t\t\t<img decoding=\"async\" src=\"http:\/\/stavimeplzensko.cz\/wp-content\/uploads\/2020\/11\/team2-circle.png\" alt=\"Pavel Nov\u00e1k\"><\/p>\n<h6>Pavel Nov\u00e1k<\/h6>\n","protected":false},"excerpt":{"rendered":"<p>O spole\u010dnosti Stav\u00edme Plze\u0148sko Stav\u00edme Plze\u0148sko &#8211; modern\u00ed bydlen\u00ed, kter\u00e9 \u017eije s V\u00e1mi. Jsme spole\u010denstv\u00ed investor\u016f, kte\u0159\u00ed tvo\u0159\u00ed nov\u00e9 bydlen\u00ed pro lidi v p\u0159edev\u0161\u00edm lokalit\u011b Plze\u0148sk\u00fd kraj. M\u00e1me v\u00edce ne\u017e 5 let zku\u0161enost\u00ed s modernizac\u00ed a rekonstrukc\u00ed, n\u00e1stavbami na na bytov\u00fdch domech i realizac\u00ed samostatn\u00fdch rodinn\u00fdch dom\u016f. Na\u0161e stavby p\u0159ipravujeme s zku\u0161enou projek\u010dn\u00ed kancel\u00e1\u0159\u00ed v [&hellip;]<\/p>\n","protected":false},"author":1,"featured_media":0,"parent":0,"menu_order":0,"comment_status":"closed","ping_status":"closed","template":"","meta":{"footnotes":""},"class_list":["post-487","page","type-page","status-publish","hentry"],"yoast_head":"<!-- This site is optimized with the Yoast SEO plugin v27.0 - https:\/\/yoast.com\/product\/yoast-seo-wordpress\/ -->\n<title>O spole\u010dnosti - Stav\u00edme Plze\u0148sko - V\u00edce ne\u017e 15 let zku\u0161enost\u00ed .<\/title>\n<meta name=\"description\" content=\"Stav\u00edme Plze\u0148sko je spole\u010denstv\u00ed investor\u016f, kte\u0159\u00ed tvo\u0159\u00ed nov\u00e9 bydlen\u00ed pro lidi v lokalit\u011b Plze\u0148sk\u00fd kraj. M\u00e1me v\u00edce ne\u017e 15 let zku\u0161enost\u00ed.\" \/>\n<meta name=\"robots\" content=\"index, follow, max-snippet:-1, max-image-preview:large, max-video-preview:-1\" \/>\n<link rel=\"canonical\" href=\"https:\/\/stavimeplzensko.cz\/?page_id=487\" \/>\n<meta property=\"og:locale\" content=\"cs_CZ\" \/>\n<meta property=\"og:type\" content=\"article\" \/>\n<meta property=\"og:title\" content=\"O spole\u010dnosti - Stav\u00edme Plze\u0148sko - V\u00edce ne\u017e 15 let zku\u0161enost\u00ed .\" \/>\n<meta property=\"og:description\" content=\"Stav\u00edme Plze\u0148sko je spole\u010denstv\u00ed investor\u016f, kte\u0159\u00ed tvo\u0159\u00ed nov\u00e9 bydlen\u00ed pro lidi v lokalit\u011b Plze\u0148sk\u00fd kraj. M\u00e1me v\u00edce ne\u017e 15 let zku\u0161enost\u00ed.\" \/>\n<meta property=\"og:url\" content=\"https:\/\/stavimeplzensko.cz\/?page_id=487\" \/>\n<meta property=\"og:site_name\" content=\"stavimeplzensko.cz\" \/>\n<meta property=\"article:modified_time\" content=\"2024-06-03T18:33:59+00:00\" \/>\n<meta property=\"og:image\" content=\"http:\/\/stavimeplzensko.cz\/wp-content\/uploads\/2023\/03\/pohled-z-cesty-scaled.jpg\" \/>\n<meta name=\"twitter:card\" content=\"summary_large_image\" \/>\n<meta name=\"twitter:label1\" content=\"Odhadovan\u00e1 doba \u010dten\u00ed\" \/>\n\t<meta name=\"twitter:data1\" content=\"4 minuty\" \/>\n<script type=\"application\/ld+json\" class=\"yoast-schema-graph\">{\"@context\":\"https:\/\/schema.org\",\"@graph\":[{\"@type\":\"WebPage\",\"@id\":\"https:\/\/stavimeplzensko.cz\/?page_id=487\",\"url\":\"https:\/\/stavimeplzensko.cz\/?page_id=487\",\"name\":\"O spole\u010dnosti - Stav\u00edme Plze\u0148sko - V\u00edce ne\u017e 15 let zku\u0161enost\u00ed .\",\"isPartOf\":{\"@id\":\"https:\/\/stavimeplzensko.cz\/#website\"},\"primaryImageOfPage\":{\"@id\":\"https:\/\/stavimeplzensko.cz\/?page_id=487#primaryimage\"},\"image\":{\"@id\":\"https:\/\/stavimeplzensko.cz\/?page_id=487#primaryimage\"},\"thumbnailUrl\":\"http:\/\/stavimeplzensko.cz\/wp-content\/uploads\/2023\/03\/pohled-z-cesty-scaled.jpg\",\"datePublished\":\"2020-09-07T09:01:54+00:00\",\"dateModified\":\"2024-06-03T18:33:59+00:00\",\"description\":\"Stav\u00edme Plze\u0148sko je spole\u010denstv\u00ed investor\u016f, kte\u0159\u00ed tvo\u0159\u00ed nov\u00e9 bydlen\u00ed pro lidi v lokalit\u011b Plze\u0148sk\u00fd kraj. M\u00e1me v\u00edce ne\u017e 15 let zku\u0161enost\u00ed.\",\"breadcrumb\":{\"@id\":\"https:\/\/stavimeplzensko.cz\/?page_id=487#breadcrumb\"},\"inLanguage\":\"cs\",\"potentialAction\":[{\"@type\":\"ReadAction\",\"target\":[\"https:\/\/stavimeplzensko.cz\/?page_id=487\"]}]},{\"@type\":\"ImageObject\",\"inLanguage\":\"cs\",\"@id\":\"https:\/\/stavimeplzensko.cz\/?page_id=487#primaryimage\",\"url\":\"http:\/\/stavimeplzensko.cz\/wp-content\/uploads\/2023\/03\/pohled-z-cesty-scaled.jpg\",\"contentUrl\":\"http:\/\/stavimeplzensko.cz\/wp-content\/uploads\/2023\/03\/pohled-z-cesty-scaled.jpg\"},{\"@type\":\"BreadcrumbList\",\"@id\":\"https:\/\/stavimeplzensko.cz\/?page_id=487#breadcrumb\",\"itemListElement\":[{\"@type\":\"ListItem\",\"position\":1,\"name\":\"Dom\u016f\",\"item\":\"https:\/\/stavimeplzensko.cz\/\"},{\"@type\":\"ListItem\",\"position\":2,\"name\":\"O spole\u010dnosti\"}]},{\"@type\":\"WebSite\",\"@id\":\"https:\/\/stavimeplzensko.cz\/#website\",\"url\":\"https:\/\/stavimeplzensko.cz\/\",\"name\":\"stavimeplzensko.cz\",\"description\":\"Development | stavebnictv\u00ed | rekonstrukce\",\"alternateName\":\"Stav\u00edme Plze\u0148sko\",\"potentialAction\":[{\"@type\":\"SearchAction\",\"target\":{\"@type\":\"EntryPoint\",\"urlTemplate\":\"https:\/\/stavimeplzensko.cz\/?s={search_term_string}\"},\"query-input\":{\"@type\":\"PropertyValueSpecification\",\"valueRequired\":true,\"valueName\":\"search_term_string\"}}],\"inLanguage\":\"cs\"}]}<\/script>\n<!-- \/ Yoast SEO plugin. -->","yoast_head_json":{"title":"O spole\u010dnosti - Stav\u00edme Plze\u0148sko - V\u00edce ne\u017e 15 let zku\u0161enost\u00ed .","description":"Stav\u00edme Plze\u0148sko je spole\u010denstv\u00ed investor\u016f, kte\u0159\u00ed tvo\u0159\u00ed nov\u00e9 bydlen\u00ed pro lidi v lokalit\u011b Plze\u0148sk\u00fd kraj. M\u00e1me v\u00edce ne\u017e 15 let zku\u0161enost\u00ed.","robots":{"index":"index","follow":"follow","max-snippet":"max-snippet:-1","max-image-preview":"max-image-preview:large","max-video-preview":"max-video-preview:-1"},"canonical":"https:\/\/stavimeplzensko.cz\/?page_id=487","og_locale":"cs_CZ","og_type":"article","og_title":"O spole\u010dnosti - Stav\u00edme Plze\u0148sko - V\u00edce ne\u017e 15 let zku\u0161enost\u00ed .","og_description":"Stav\u00edme Plze\u0148sko je spole\u010denstv\u00ed investor\u016f, kte\u0159\u00ed tvo\u0159\u00ed nov\u00e9 bydlen\u00ed pro lidi v lokalit\u011b Plze\u0148sk\u00fd kraj. M\u00e1me v\u00edce ne\u017e 15 let zku\u0161enost\u00ed.","og_url":"https:\/\/stavimeplzensko.cz\/?page_id=487","og_site_name":"stavimeplzensko.cz","article_modified_time":"2024-06-03T18:33:59+00:00","og_image":[{"url":"http:\/\/stavimeplzensko.cz\/wp-content\/uploads\/2023\/03\/pohled-z-cesty-scaled.jpg","type":"","width":"","height":""}],"twitter_card":"summary_large_image","twitter_misc":{"Odhadovan\u00e1 doba \u010dten\u00ed":"4 minuty"},"schema":{"@context":"https:\/\/schema.org","@graph":[{"@type":"WebPage","@id":"https:\/\/stavimeplzensko.cz\/?page_id=487","url":"https:\/\/stavimeplzensko.cz\/?page_id=487","name":"O spole\u010dnosti - Stav\u00edme Plze\u0148sko - V\u00edce ne\u017e 15 let zku\u0161enost\u00ed .","isPartOf":{"@id":"https:\/\/stavimeplzensko.cz\/#website"},"primaryImageOfPage":{"@id":"https:\/\/stavimeplzensko.cz\/?page_id=487#primaryimage"},"image":{"@id":"https:\/\/stavimeplzensko.cz\/?page_id=487#primaryimage"},"thumbnailUrl":"http:\/\/stavimeplzensko.cz\/wp-content\/uploads\/2023\/03\/pohled-z-cesty-scaled.jpg","datePublished":"2020-09-07T09:01:54+00:00","dateModified":"2024-06-03T18:33:59+00:00","description":"Stav\u00edme Plze\u0148sko je spole\u010denstv\u00ed investor\u016f, kte\u0159\u00ed tvo\u0159\u00ed nov\u00e9 bydlen\u00ed pro lidi v lokalit\u011b Plze\u0148sk\u00fd kraj. M\u00e1me v\u00edce ne\u017e 15 let zku\u0161enost\u00ed.","breadcrumb":{"@id":"https:\/\/stavimeplzensko.cz\/?page_id=487#breadcrumb"},"inLanguage":"cs","potentialAction":[{"@type":"ReadAction","target":["https:\/\/stavimeplzensko.cz\/?page_id=487"]}]},{"@type":"ImageObject","inLanguage":"cs","@id":"https:\/\/stavimeplzensko.cz\/?page_id=487#primaryimage","url":"http:\/\/stavimeplzensko.cz\/wp-content\/uploads\/2023\/03\/pohled-z-cesty-scaled.jpg","contentUrl":"http:\/\/stavimeplzensko.cz\/wp-content\/uploads\/2023\/03\/pohled-z-cesty-scaled.jpg"},{"@type":"BreadcrumbList","@id":"https:\/\/stavimeplzensko.cz\/?page_id=487#breadcrumb","itemListElement":[{"@type":"ListItem","position":1,"name":"Dom\u016f","item":"https:\/\/stavimeplzensko.cz\/"},{"@type":"ListItem","position":2,"name":"O spole\u010dnosti"}]},{"@type":"WebSite","@id":"https:\/\/stavimeplzensko.cz\/#website","url":"https:\/\/stavimeplzensko.cz\/","name":"stavimeplzensko.cz","description":"Development | stavebnictv\u00ed | rekonstrukce","alternateName":"Stav\u00edme Plze\u0148sko","potentialAction":[{"@type":"SearchAction","target":{"@type":"EntryPoint","urlTemplate":"https:\/\/stavimeplzensko.cz\/?s={search_term_string}"},"query-input":{"@type":"PropertyValueSpecification","valueRequired":true,"valueName":"search_term_string"}}],"inLanguage":"cs"}]}},"_links":{"self":[{"href":"https:\/\/stavimeplzensko.cz\/index.php?rest_route=\/wp\/v2\/pages\/487","targetHints":{"allow":["GET"]}}],"collection":[{"href":"https:\/\/stavimeplzensko.cz\/index.php?rest_route=\/wp\/v2\/pages"}],"about":[{"href":"https:\/\/stavimeplzensko.cz\/index.php?rest_route=\/wp\/v2\/types\/page"}],"author":[{"embeddable":true,"href":"https:\/\/stavimeplzensko.cz\/index.php?rest_route=\/wp\/v2\/users\/1"}],"replies":[{"embeddable":true,"href":"https:\/\/stavimeplzensko.cz\/index.php?rest_route=%2Fwp%2Fv2%2Fcomments&post=487"}],"version-history":[{"count":130,"href":"https:\/\/stavimeplzensko.cz\/index.php?rest_route=\/wp\/v2\/pages\/487\/revisions"}],"predecessor-version":[{"id":3808,"href":"https:\/\/stavimeplzensko.cz\/index.php?rest_route=\/wp\/v2\/pages\/487\/revisions\/3808"}],"wp:attachment":[{"href":"https:\/\/stavimeplzensko.cz\/index.php?rest_route=%2Fwp%2Fv2%2Fmedia&parent=487"}],"curies":[{"name":"wp","href":"https:\/\/api.w.org\/{rel}","templated":true}]}}